 = 2*a. Let o(b) = -2*b**3 + 4*b**2 - 3*b + 1. Let t be o(2). Let g = t + 6. Determine p(g).
2
Suppose -12 = -4*l, 3*r + 0*l + 15 = 3*l. Let m be 3 + (-7 - -2) + 2. Let d = m + r. Let s(y) = -2*y. Calculate s(d).
4
Let f(z) = 7*z - 3*z - 2*z - 2 - 3*z. Let j = 5 - 9. Give f(j).
2
Let w(p) = 7*p**2 - 12*p - 3. Let m(v) = 5 - 4*v + 22*v + 0*v**2 + 2*v**2 - 12*v**2. Let j = 9 - 2. Let s(u) = j*w(u) + 5*m(u). Determine s(6).
4
Suppose -13 - 5 = -3*i. Let c(z) = z - 3*z + 3*z - 3. Determine c(i).
3
Let q(j) = -j - 1. Let f(i) = i**3 - i**2. Let c(w) = 7*w**3 - 10*w**2 - 3*w - 6. Let r(d) = -c(d) + 6*f(d). Let k be r(5). Determine q(k).
3
Let j(d) = -d**3 - 7*d**2 + 9*d + 8. Let y be (1 + -9)/((-1)/(-1)). Let q be j(y). Let n be (q + 1/(-3))*15. Let o(l) = -2*l - 7. Give o(n).
3
Let c(b) = b**3 + b**2 - b + 1. Let v be c(-2). Let z(h) = 13*h**3 + 181 - h**2 - 181. Calculate z(v).
-14
Let t(b) be the third derivative of -b**4/24 - b**3/6 + b**2. Let z(p) = -1 - 2 + p**3 - 3*p - 3*p + 5*p**2. Let u be z(-6). Determine t(u).
2
Suppose -x - 24 = -3*x. Suppose -2*z - 5*q = -16, -q + 2*q - x = 4*z. Let r(j) = -7*j - 3. What is r(z)?
11
Let h(s) = 7*s + 3*s - 15*s. Determine h(-1).
5
Let l(c) = -c**2 + 3*c + 9. Let v be l(4). Let t(d) = -d**3 + 6*d**2 - 3*d. Give t(v).
10
Let m(z) = -z**2 + z + 5. Let v be m(0). Suppose -5 = -2*c + v. Let g(t) = t**2 + 1 - c*t + 0*t + 4 + 1. Calculate g(5).
6
Let g = -70 + 75. Let h(c) be the third derivative of -c**6/360 + c**5/24 - c**4/12 + c**3/6 - c**2. Let p(w) be the first derivative of h(w). Give p(g).
-2
Let h(a) = -2 + 3 - 4 + a. Let g(w) be the first derivative of w**4/4 - 7*w**3/3 + 3*w**2 + 2*w - 1. Let d be g(6). Give h(d).
-1
Let d(b) be the second derivative of -2*b - 3*b**2 + 0 - 1/2*b**3. What is d(-5)?
9
Let v(x) = x**3 + 2*x**2 - 3*x - 3. Let c be v(-2). Let f(t) = t**2 - 5*t + 2. What is f(c)?
-4
Let z(n) = n**3 + 4*n**2 - 7*n + 1. Let m be 2/2*(-6 - (1 - 2)). Give z(m).
11
Let m(t) = -t + 3. Suppose 70 - 85 = -3*q. Give m(q).
-2
Let f(x) = -x**2 + 10*x - 6. Let d be f(6). Suppose -d = -4*a + 2. Let c(z) = -15*z + 1. Let l(j) = 7*j - 1. Let p(v) = 6*c(v) + 13*l(v). What is p(a)?
-2
Let g(j) = j + 5. Let c(o) = 5*o + 25. Suppose 3*z - 35 = -2. Let l(u) = z*g(u) - 2*c(u). Suppose 2*x - 32 = 4*f, 2*f - 5*x - 15 = -47. What is l(f)?
-1
Let g(y) = 2*y**2 + 4*y - 1. Let t(s) = -s - 10. Let o = -3 - -6. Suppose -2*q - 2*u - 37 = 3*q, o*u + 17 = -2*q. Let f be t(q). Calculate g(f).
5
Let v(m) = -m - 4. Let c = 38 + -29. Determine v(c).
-13
Let y(d) = -d**3 - 8*d**2 - 3*d - 6. Let b = 114 - 122. Give y(b).
18
Let l(y) = 3*y - 3. Let q(n) = -5*n + 4. Let r(w) = -8*l(w) - 5*q(w). Give r(-4).
0
Let m(s) = -s**3 + 3*s**2 - 4*s + 3. Let y be m(3). Let b be (y/(-6))/(2/4). Suppose -2*u + b = 11. Let c(t) = -t**3 - 4*t**2 - 2*t - 5. What is c(u)?
3
Let u(w) = w**2 - 7*w + 6. Suppose -6*i + i + 17 = 4*z, -18 = -2*i + 4*z. Give u(i).
-4
Let b(i) = -3*i - 3 - 4 + i + 4. Let g(t) = -t**3 - 5*t**2 + 5*t - 2. Let u be g(-6). Suppose 0 = -u*a - 11 - 9. Determine b(a).
7
Let q(j) = 6*j**2 + j**3 + 129 - 129. Give q(-6).
0
Let d(s) be the third derivative of -s**6/120 - 2*s**5/15 - s**4/3 - s**3 - 36*s**2. Determine d(-7).
1
Suppose 2*r + 3*r - 23 = 4*j, -j - r + 1 = 0. Let s(g) = -g**2 - 4*g - 1. Give s(j).
3
Let k(a) = -4 + 46*a - 19*a - 28*a. What is k(5)?
-9
Let g(l) = 2*l**2 - l - 1. Let m be -1 + 1 + 1 + 4. Suppose m*o - 2*u - 12 = 0, 0 = 4*o - u - 9. What is g(o)?
5
Let l(b) = -b**2 - 7*b - 1. Let w be (3/2)/(6/32). Let v(i) = -i**3 + 7*i**2 + 10*i + 2. Let h be v(w). Suppose -h = 5*t + 12. Determine l(t).
5
Let z be 2*(3 + -2 + -6). Let n = 12 + z. Let r(h) be the second derivative of h**4/6 - h**3/3 - h**2/2 + 2*h. Calculate r(n).
3
Let w be 5*(2 - (2 - 1)). Let n(j) = 2*j**2 + w*j + 2*j**2 + 2 - 3*j**2. Suppose 0 = -2*x - 4*m - 18, -14 = x + 4*m + 1. Give n(x).
-4
Let v(q) be the first derivative of q**4/4 + 4*q**3/3 + q**2 + q + 2. Let l(g) = -2*g - 1. Let t be 4 + 2 + -3 - 2. Let c be l(t). Determine v(c).
4
Let v(q) = -q**2 + 16*q - 24*q + 10*q + 2. Determine v(3).
-1
Let g(k) = k**2 + 2*k. Suppose 2*f + 3*f - 25 = 0. Let p be -3 + f - (0 - 0). Suppose -2*a = p*a + 8. Determine g(a).
0
Let v(l) = -l**2 - 1. Let m(h) = 6*h**2 - 2. Let s(f) = m(f) - 3*v(f). What is s(-1)?
10
Let x(g) = g - 6. Let k(r) = 1. Let o(i) = 6*k(i) - x(i). Let d be o(10). Let f(t) = t**2 + t + 1. Calculate f(d).
7
Let x(z) = -z**2 - 6*z. Suppose 0 = 2*g + 10 - 0. Calculate x(g).
5
Let z(d) = -d - 1. Suppose 0 = 3*m, 4*n + 7*m - 9*m - 12 = 0. Calculate z(n).
-4
Suppose 4*b + 3*u - 9 = 0, -3*u + 40 = 5*b - 5*u. Let i(o) = 2 + 3*o - o + 1 - b. Suppose -6*g + 8*g = 8. What is i(g)?
5
Suppose 4*w - 1 - 11 = 0. Suppose 11 = w*y - 13. Let z(u) = -u + 9. Let l be z(y). Let o(g) = -6*g. Determine o(l).
-6
Let k(q) be the third derivative of q**6/120 - q**5/30 - q**4/8 + 9*q**2. Let v = 0 + 3. What is k(v)?
0
Suppose 0 = -3*n + 136 - 40. Suppose -2*r = r - w - 9, -5*r - 4*w + n = 0. Let t(u) = -2*u + 4. What is t(r)?
-4
Let r(o) = -o**3 + 3*o**2 + o. Let z be r(3). Suppose -4*c + 3 = -z*k - 5, 5*k = -2*c + 4. Let q(t) = -t**2 - t + 2. Give q(k).
2
Let k(q) be the first derivative of q**4/4 - 2*q**3/3 - q**2/2 + 4*q - 12. Let j(p) = 2*p - 9. Let f be j(6). Give k(f).
10
Let z(t) = 1. Let p(x) = x - 1. Let n(y) = -2*p(y) - 3*z(y). Calculate n(5).
-11
Let y(f) be the third derivative of 0*f + 1/24*f**4 + 7/120*f**5 + 0 + 1/3*f**3 + f**2. Let l(a) be the first derivative of y(a). Determine l(-1).
-6
Let s(p) be the first derivative of p**3/3 + 3*p**2/2 - p - 6. What is s(-6)?
17
Let d(v) = v**2 + 17*v - 3. Suppose -3*z = -z + 34. Let f be d(z). Let l(m) = -m**2 + 3. What is l(f)?
-6
Suppose -x - g = 2 - 1, -2*g = 8. Let u(r) be the third derivative of r**6/120 - r**5/15 + r**3/3 + 5*r**2. Calculate u(x).
-7
Let m(t) = -t**3 + 2*t + 1. Let o be m(-2). Let g = 5 - o. Suppose g = -4*x - 0*x + 16. Let n(w) = -w**3 + 3*w**2 + 6*w - 5. What is n(x)?
3
Let l(w) = -w**3 - 4*w**2 - 4*w + 1. Suppose -5*a + 0*a - 85 = 0. Let i = 14 + a. Calculate l(i).
4
Let i(q) = q**3 - 3*q**2 - 3*q - 2. Suppose -6*n + 5*n = -4. Determine i(n).
2
Let p(u) be the second derivative of -u**5/20 + u. Let s be 3 - (-3)/((-6)/4). Let j(t) = 6*t**3 - t**2 + t + 1. Let r(k) = s*p(k) - j(k). What is r(-1)?
8
Let n(r) = -49*r + 50*r - 1 - 1. Let b be n(2). Let w(o) = -o - 8. Give w(b).
-8
Let i(r) = -r + 2. Let a be i(4). Let t(x) = -2 + 4 + 217*x + x**2 - 216*x. What is t(a)?
4
Let g(t) = 3*t**2 - 7*t - 8. Suppose -2*y - 5*f + 1 = 0, -2*f = -5*y + 3*f - 50. Let v(o) = 3*o**2 - 6*o - 7. Let h(b) = y*v(b) + 6*g(b). Give h(-1).
-2
Let k(h) = -h - 2. Suppose -15 = 3*s - 2*v, -15 = 3*s - 3*v - v. Let z(m) = -m**3 - 6*m**2 - 4*m + 3. Let x be z(s). Give k(x).
0
Let q(f) = 4*f - 29 + 8 - 3*f. What is q(0)?
-21
Let c(d) = d**2 + 5*d - 6. Let s be c(-5). Let h(p) = -p - 8. Give h(s).
-2
Let q be (-2)/8 - 7/4. Let c = -6 - q. Let y(w) = -5*w - 5. Let o(l) = -6*l - 4. Let u(b) = 4*o(b) - 5*y(b). Determine u(c).
5
Suppose -v - r + 7 = 1, -18 = -5*v - r. Let b(t) = t - t**3 + t**2 + 5*t**2 - 3*t**2 + 3 + 0*t**3. Calculate b(v).
6
Suppose 4*y = -6 + 2. Let n(c) be the first derivative of 3*c**2 + 8. Calculate n(y).
-6
Let d(g) = -g**2 - 2 - 2 + 3 + 2*g. Give d(1).
0
Let q(d) = d**3 + d**2 - d - 1. Let t(g) = -g**2 - 10*g + 11. Let n be t(-11). What is q(n)?
-1
Let r(g) be the first derivative of -g**3 - g + 4. Calculate r(-1).
-4
Let o(g) = 2*g + 5. Let f(l) = -2*l - 6. Let i(v) = 5*f(v) + 6*o(v). Suppose -2*w - 3 - 5 = 0. Let p = w - -3. Calculate i(p).
-2
Let b(z) = -2*z**2 + 3*z - 9. Let l(q) = -q**2 - 1. Let m(u) = b(u) - 3*l(u). Let n be 2*1/4*-4. Let w be (12 + n)*1/(-2). What is m(w)?
4
Let l(x) = 1. Let h(c) = -2 + 2*c - 1 + 3. Let a(s) = h(s) - 4*l(s). Calculate a(3).
2
Let w be -10*((-12)/(-8) + -1). Let n(m) = m**2 + 8*m + 3. Determine n(w).
-12
Let t(n) = -3*n + 4. Suppose 3*q - 14 - 1 = 3*f, 15 = -4*f - q. Determine t(f).
16
Suppose -5*p = -4*p - 4. Suppose p - 2 = -o. Let c(l) be the first derivative of l**3/3 - l**2/2 - 1. Determine c(o).
6
Suppose -5*v + h - 15 = 3*h, h + 4 = v. Let c(o) be the third derivative of o**4/8 + o**3/6 + 2*o**2. Let w be c(v). Let z(x) = -x**3 - x - 2. W